(-32). Suppose z = -3*g + 986. What is the remainder when g is divided by ((-4)/(-10))/((-2)/(-30))?
2
Let t = 96 + 137. Suppose -10*l + 997 + t = 0. Suppose -l = -3*z - 9. Calculate the remainder when 108 is divided by z.
32
Suppose 4*h - 4*t - 1024 = 0, h - 265 = -148*t + 152*t. Calculate the remainder when 1448 is divided by h.
183
Let u(q) = 9*q**2 + 2*q - 1. Let l = 977 + -188. Suppose -6*d + l = 255. Calculate the remainder when d is divided by u(-2).
27
Suppose 2392*i - 2386*i - 474 = 0. Suppose -i = -6*d + 305. What is the remainder when d is divided by 13?
12
Let x(h) = 11*h - 102. What is the remainder when 377 is divided by x(15)?
62
Let h(m) = 9*m**2 + 107*m - 229. What is the remainder when h(-15) is divided by 78?
35
Let m(o) = 30*o**2 + 70*o + 11. Calculate the remainder when m(-3) is divided by 67.
4
Suppose -3*i - 2*c + 670 = -258, 0 = -5*i - c + 1549. Calculate the remainder when 1188 is divided by i.
258
Let h = 1594 - 953. Suppose -367 - h = -21*f. Calculate the remainder when 58 is divided by f.
10
Suppose -54*d - 2*b - 282 = -59*d, -107 = -2*d - 5*b. Calculate the remainder when 1509 is divided by d.
53
Let p(a) = -121 - 6*a - 5*a - 5*a + 2*a + 14. Calculate the remainder when 474 is divided by p(-9).
18
Suppose -2*g - 2*i = -7002, 7*g - 22993 - 1454 = 3*i. Calculate the remainder when g is divided by 33.
30
Suppose -3*h = 2*x - 5*x - 510, h = -5*x + 194. Calculate the remainder when 1/(1221/h + -7) is divided by (15/4)/((-2)/(-8)).
13
Let r(u) = -u**3 - 7*u**2 - 8*u. Let k be r(-6). Suppose -4*h - k = -8*h. Suppose -8 + 38 = h*n. Calculate the remainder when n is divided by 3.
1
Let p = 158 - 232. Let a = 119 + p. Let d = 139 + -115. What is the remainder when a is divided by d?
21
Suppose 0 = 15*c - 2478 - 2067. Let y = c + -211. Calculate the remainder when y is divided by 27.
11
Let w(c) = -20*c - 364. Calculate the remainder when w(-34) is divided by 82.
70
Suppose 0 = 6*n - 10 - 8. Let h be (0 + 2 - n) + (-2 - 1). Calculate the remainder when 2/20*786 - h/10 is divided by 27.
25
Suppose 1000*g = 982*g + 954. Calculate the remainder when 581 is divided by g.
51
Let k(i) = -i**2 + 10*i - 7. Let n be k(6). Suppose -22*h = -n*h - 10. Calculate the remainder when 40*h + (-5)/(-1) is divided by 29.
27
Let i(r) = r**2 + 16*r + 44. Let u be i(-15). Suppose -c - 2*j + u = 0, -2*c + 0*j - 2*j = -64. What is the remainder when c is divided by 24?
11
Suppose -622 = -546*k + 4220 - 1020. Let p = 37 + -19. Suppose -2*c - 5*n - p = 0, 2*c = -0*c + 3*n + 14. Calculate the remainder when k is divided by c.
0
Suppose -2*z = -159 - 27. Let r(q) = -21*q - 44. Let i = -56 - -53. Calculate the remainder when z is divided by r(i).
17
What is the remainder when 1449/((-12)/(-4)) + (-35 - -31) is divided by 21?
17
Let x(r) = 127*r + 19. What is the remainder when 439 is divided by x(1)?
1
Let q = -3 + 23. Let s(j) be the third derivative of j**5/20 + 17*j**4/24 + 11*j**3/6 - 9*j**2. What is the remainder when s(-7) is divided by q?
19
Let y be (1 - -129)*(-5)/(-10) - -4. Let f = 154 - y. What is the remainder when f is divided by 15?
10
Let j be (70/4)/(-7)*(-12)/(-15). Calculate the remainder when j/(-9) - (-6 + (-3412)/36) is divided by 27.
20
Let d(z) = -z**2 + z. Let s(h) = 3*h**2 + 5*h - 14. Let u be (-1)/(-2) + 1/2. Let b(o) = u*s(o) + 4*d(o). What is the remainder when 5 is divided by b(6)?
1
Suppose -18*y - 68 = -19*y - 5*c, -2*y = 2*c - 104. Suppose n - 7*x + 4*x = 5, 4*n = -5*x + 88. Calculate the remainder when y is divided by n.
14
Suppose 0*o - 5*p + 73 = o, 4*o - 220 = 4*p. Let m = 1682 + -1336. Calculate the remainder when m is divided by o.
56
Suppose -99 = z + 4*j, 5*j - 354 = -3*z + 7*z. Let n = -33 + 74. Calculate the remainder when n is divided by (-5 - -1) + (-8)/28*z.
19
Suppose 3082 = 43*n + 19*n - 16*n. What is the remainder when 456 is divided by n?
54
Suppose 4928 = -113*u + 120*u. Let r = -667 + u. Calculate the remainder when 236 is divided by r.
14
What is the remainder when 0 + 40678/33 + 1/(-3)*-1 is divided by 13?
11
Suppose 6*d = -d + 105. Suppose 5*p = -d + 30. Suppose 0 = -3*r - 3*h + 51, p*r - 5*h - 135 = -2*r. What is the remainder when 39 is divided by r?
17
Suppose 0 = -2*k + 5*l + 412, 5*l - 1100 = 680*k - 685*k. What is the remainder when 484 is divided by k?
52
Let t = -6144 - -6168. Suppose -242 = -4*h + 2*l, -3*h + 184 = -5*l + 3*l. Let m = 34 + h. What is the remainder when m is divided by t?
20
Suppose -24*l - 741 = 27. What is the remainder when 30*(-1)/(8/l) is divided by 33?
21
Let d be -2*(1771/(-14))/11. Suppose -31*o + d + 1310 = 0. What is the remainder when 154 is divided by o?
25
Let z = 398 - 73. Let k = z - 308. Calculate the remainder when 590 is divided by k.
12
Let p(b) = -5*b - 10. Let o be p(-2). What is the remainder when (o - 1)*(6 - 74) is divided by 7?
5
Suppose 20*t - 1976 = 28*t. Let r = t + 279. Calculate the remainder when r is divided by 11.
10
Suppose -21 = -7*n + 497. Suppose -n = -x + 13. Calculate the remainder when 165 is divided by x.
78
Let a(d) = 11*d**2 + 25*d - 4. Let s be a(-3). Suppose 13*f + s*f = 1386. What is the remainder when f is divided by (-3)/((-1)/5 - 0)?
12
Let f = -12305 + 12385. What is the remainder when 158/(-3)*3*-1 is divided by f?
78
Suppose -9*n = -4*n - 60. Suppose -13*b + 6 = -n*b. What is the remainder when 0 + 3 + -1 + 8 is divided by b?
4
Let g = -218 + 218. Suppose 14*l - 166 = -4*p + 16*l, g = l + 5. Calculate the remainder when 142 is divided by p.
25
Suppose -5*j + 27 = 4*k - 45, -k = 5*j - 63. Suppose -2*y + 145 = 23. Suppose -3*h - j = h, 0 = -5*n - 3*h + y. Calculate the remainder when 27 is divided by n.
13
Let t(q) = 9*q**2 - 448*q - 62. Calculate the remainder when 12918 is divided by t(50).
36
Suppose 522450 = 8*z + 67*z. What is the remainder when z is divided by 26?
24
Calculate the remainder when ((-134944)/(-88))/1 + 36/66 is divided by 121.
82
What is the remainder when 278 is divided by 85 - -5 - (2 + 5 + 5)/(-2)?
86
Let k(z) = z + 5. Let n be k(0). Suppose n*h - 222 = 3*h. Let i(a) = -52*a - 222. What is the remainder when h is divided by i(-5)?
35
Let j = -440 - -583. Suppose -2*m + w + 409 = m, j = m + 3*w. What is the remainder when m is divided by 29?
21
Let v = 48 + -45. Suppose -v*x + 15 = 2*x. Suppose 83 = 3*b + c - 59, x*c - 12 = 0. Calculate the remainder when b is divided by 12.
10
Let c(n) = -n**3 - 6*n**2 - 6*n + 7. Let r be c(-5). Let a = r + 23. Suppose -2*q + a = 11. What is the remainder when 45 is divided by q?
9
Let f = -10015 + 10061. Calculate the remainder when 2481 is divided by f.
43
Suppose -4*f + 2*i + 48 = -3*f, 0 = 3*f + 2*i - 160. Suppose -f - 533 = -13*t. What is the remainder when 112 is divided by t?
22
Suppose -2*c = 5 - 9. Suppose -3*l = c*l - 200. Calculate the remainder when ((-76)/5)/(l/(-100)) is divided by 13.
12
Let c be 25/4 + (-3)/12. Suppose 20*f - 1115 - 305 = 0. Calculate the remainder when f is divided by 76/(-3)*(-9)/c.
33
Suppose 13*g = 583 + 275. Let o(h) = 3*h**2 - 4*h. What is the remainder when o(4) is divided by (g/48)/((5/(-1))/(-40))?
10
Let d = 80 - 63. Suppose d*p = -p - 36. Calculate the remainder when 15/20 - p/(32/644) is divided by 25.
16
Let z(f) = -21*f + 19. Let b be z(1). What is the remainder when -5 + (-23454)/(-72) + b/(-8) is divided by 6?
3
Let d(u) = 3*u**2 + 387*u + 780. Calculate the remainder when 1150 is divided by d(-127).
16
Let w be 4/30 + 0 + 1298/165. Let d(o) = 21*o - 165. What is the remainder when d(w) is divided by 3?
0
Let p(d) = 31*d**2 + 2*d + 2. Suppose -129*c + 138*c + 54 = 0. What is the remainder when p(-2) is divided by ((-49)/14 - c)/(10/168)?
38
Suppose 19*m = -48*m + 538 + 668. What is the remainder when 21418 is divided by m?
16
What is the remainder when (4044 + 309)/((-3)/(-2)) is divided by 483?
4
Let r = -130 + 110. Suppose 0*y = 3*y - 12. What is the remainder when r/(-70) - 1*(-108)/14 is divided by y?
0
What is the remainder when (722 - 187) + -4*(1 + 0) is divided by 11?
3
Suppose -3*y = i - 33, 55*i = 55*i - 4*y. What is the remainder when 310 is divided by i?
13
Let a = 4 + -8. Let p(c) = -11*c - 39. What is the remainder when 97 is divided by p(a)?
2
Let y(q) = 24*q + 574. What is the remainder when y(-11) is